199 (base 15) to base 5.
2434
What is 5 (base 10) in base 6?
5
Convert 0 (base 9) to base 7.
0
What is 16 (base 9) in base 13?
12
30 (base 10) to base 8
36
-2c (base 15) to base 4
-222
What is -152 (base 8) in base 16?
-6a
What is -11 (base 10) in base 8?
-13
What is 2303 (base 5) in base 8?
510
What is 2 (base 4) in base 13?
2
What is 17 (base 13) in base 2?
10100
Convert 11 (base 3) to base 2.
100
-6 (base 16) to base 9
-6
Convert -165 (base 8) to base 13.
-90
-2 (base 4) to base 7
-2
Convert -4 (base 13) to base 11.
-4
27 (base 9) to base 12
21
What is 1 (base 6) in base 8?
1
Convert d5 (base 14) to base 15.
c7
-9 (base 15) to base 3
-100
Convert 1 (base 7) to base 9.
1
1 (base 2) to base 7
1
What is 158 (base 9) in base 15?
8e
102 (base 3) to base 8
13
-1 (base 3) to base 9
-1
Convert -142 (base 6) to base 15.
-42
What is -51 (base 14) in base 16?
-47
Convert c (base 15) to base 12.
10
Convert 11 (base 2) to base 5.
3
Convert -4 (base 16) to base 6.
-4
1 (base 4) to base 5
1
Convert 1 (base 16) to base 5.
1
What is 100 (base 2) in base 7?
4
Convert 0 (base 15) to base 12.
0
4d (base 14) to base 6
153
155 (base 12) to base 2
11010001
What is -1 (base 9) in base 12?
-1
What is 42 (base 10) in base 4?
222
Convert 34 (base 7) to base 16.
19
-10000 (base 2) to base 9
-17
-25 (base 6) to base 16
-11
Convert -1 (base 11) to base 13.
-1
What is 58 (base 12) in base 16?
44
What is 84 (base 15) in base 12?
a4
Convert -a (base 15) to base 9.
-11
Convert -8 (base 15) to base 5.
-13
Convert 166 (base 7) to base 12.
81
Convert -324 (base 9) to base 14.
-14d
What is a (base 15) in base 10?
10
What is -3 (base 16) in base 13?
-3
-15 (base 14) to base 7
-25
0 (base 15) to base 16
0
What is -73 (base 12) in base 6?
-223
Convert 6 (base 16) to base 12.
6
What is -5 (base 10) in base 6?
-5
What is 121 (base 5) in base 12?
30
-6 (base 11) to base 15
-6
Convert -111 (base 5) to base 6.
-51
-62 (base 9) to base 2
-111000
What is 92 (base 13) in base 12?
9b
What is 88 (base 13) in base 12?
94
What is -3a (base 15) in base 13?
-43
What is -30 (base 12) in base 13?
-2a
What is -10 (base 3) in base 5?
-3
Convert -6 (base 15) to base 14.
-6
3 (base 12) to base 4
3
What is 5 (base 10) in base 12?
5
What is 0 (base 10) in base 16?
0
5a (base 11) to base 12
55
What is -5 (base 9) in base 16?
-5
What is 100100 (base 3) in base 8?
374
-44 (base 12) to base 13
-40
What is -10 (base 14) in base 12?
-12
What is -193 (base 10) in base 14?
-db
What is -3 (base 8) in base 12?
-3
21 (base 16) to base 11
30
Convert -1 (base 6) to base 10.
-1
Convert 101010101 (base 2) to base 13.
203
Convert -8 (base 9) to base 10.
-8
-1 (base 7) to base 11
-1
Convert -3 (base 14) to base 15.
-3
What is -10 (base 2) in base 3?
-2
Convert 11 (base 7) to base 9.
8
Convert 7 (base 14) to base 5.
12
Convert 23 (base 6) to base 5.
30
What is -e4 (base 15) in base 10?
-214
What is -1001 (base 2) in base 7?
-12
Convert -28 (base 13) to base 5.
-114
Convert 38 (base 13) to base 6.
115
-110 (base 2) to base 14
-6
133 (base 7) to base 11
67
Convert 10 (base 6) to base 9.
6
5 (base 9) to base 8
5
Convert -2 (base 5) to base 9.
-2
What is 3 (base 6) in base 2?
11
0 (base 2) to base 16
0
What is 0 (base 3) in base 6?
0
Convert a (base 14) to base 10.
10
13 (base 6) to base 4
21
140 (base 5) to base 8
55
2 (base 11) to base 3
2
Convert -14 (base 9) to base 15.
-d
-21 (base 4) to base 8
-11
What is -52 (base 13) in base 4?
-1003
-2 (base 14) to base 10
-2
Convert -7 (base 14) to base 10.
-7
Convert 121 (base 3) to base 9.
17
What is -11 (base 9) in base 16?
-a
Convert 0 (base 4) to base 7.
0
-1101 (base 3) to base 7
-52
Convert -17 (base 10) to base 5.
-32
What is 201 (base 6) in base 4?
1021
Convert -79 (base 12) to base 16.
-5d
Convert -7 (base 16) to base 7.
-10
What is 23 (base 15) in base 4?
201
Convert -4 (base 8) to base 14.
-4
-2 (base 7) to base 11
-2
What is 10 (base 13) in base 12?
11
Convert 1 (base 5) to base 15.
1
Convert 10110 (base 2) to base 12.
1a
45 (base 16) to base 6
153
What is -201 (base 7) in base 8?
-143
Convert 2 (base 11) to base 14.
2
What is -10010 (base 2) in base 7?
-24
10 (base 4) to base 14
4
What is -3 (base 5) in base 12?
-3
Convert -4a (base 16) to base 5.
-244
What is -4 (base 7) in base 12?
-4
100 (base 6) to base 5
121
What is 100122 (base 3) in base 4?
10010
-1 (base 7) to base 11
-1
What is -7 (base 9) in base 5?
-12
Convert -164 (base 8) to base 15.
-7b
Convert 9e (base 15) to base 4.
2111
Convert 1 (base 11) to base 14.
1
-13 (base 8) to base 9
-12
4 (base 6) to base 3
11
What is 0 (base 5) in base 7?
0
-11 (base 9) to base 7
-13
Convert -1 (base 14) to base 6.
-1
What is -3 (base 15) in base 14?
-3
Convert -187 (base 15) to base 6.
-1344
-60 (base 10) to base 9
-66
Convert -4 (base 6) to base 13.
-4
44 (base 5) to base 2
11000
-15 (base 8) to base 14
-d
2 (base 13) to base 9
2
What is 8 (base 14) in base 7?
11
2012 (base 3) to base 14
43
Convert -14 (base 7) to base 9.
-12
Convert -5 (base 12) to base 9.
-5
Convert -113 (base 4) to base 10.
-23
Convert 0 (base 13) to base 9.
0
4 (base 10) to base 9
4
-16 (base 9) to base 3
-120
Convert 3 (base 9) to base 13.
3
43 (base 9) to base 12
33
Convert -8 (base 16) to base 8.
-10
Convert 30 (base 8) to base 9.
26
What is 86 (base 10) in base 16?
56
What is 3 (base 12) in base 4?
3
Convert 36 (base 13) to base 5.
140
Convert -11 (base 8) to base 10.
-9
-60 (base 7) to base 5
-132
What is 1021 (base 3) in base 2?
100010
e (base 15) to base 13
11
What is -1 (base 15) in base 2?
-1
Convert -20 (base 4) to base 7.
-11
Convert 122 (base 9) to base 14.
73
Convert -110 (base 3) to base 7.
-15
4 (base 8) to base 14
4
What is -11 (base 10) in base 7?
-14
What is -100 (base 6) in base 10?
-36
What is -1 (base 10) in base 15?
-1
27 (base 9) to base 13
1c
32 (base 7) to base 12
1b
1 (base 5) to base 9
1
Convert 0 (base 12) to base 4.
0
Convert 211 (base 10) to base 12.
157
-2 (base 6) to base 15
-2
What is 10 (base 6) in base 11?
6
What is 22 (base 13) in base 3?
1001
Convert -10 (base 14) to base 7.
-20
Convert 46 (base 7) to base 13.
28
Convert -1020 (base 3) to base 14.
-25
-153 (base 14) to base 10
-269
What is -430 (base 5) in base 14?
-83
Convert 5 (base 8) to base 9.
5
Convert 28 (base 10) to base 6.
44
-2 (base 8) to base 7
-2
What is -526 (base 8) in base 7?
-666
Convert -273 (base 11) to base 9.
-387
What is -7 (base 10) in base 11?
-7
What is -9 (base 12) in base 9?
-10
1110101 (base 2) to base 14
85
What is -18 (base 12) in base 14?
-16
-55 (base 12) to base 2
-1000001
Convert -11 (base 5) to base 6.
-10
What is 10 (base 5) in base 8?
5
Convert -115 (base 13) to base 3.
-20221
Convert 6 (base 8) to base 2.
110
Convert -4 (base 16) to base 7.
-4
Convert 23 (base 8) to base 13.
16
55 (base 6) to base 13
29
What is -35 (base 13) in base 8?
-54
101 (base 4) to base 8
21
-3 (base 8) to base 2
-11
What is 7 (base 8) in base 10?
7
109 (base 15) to base 14
12a
-100 (base 6) to base 2
-100100
What is 24 (base 9) in base 7?
31
What is 11 (base 16) in base 11?
16
What is 8 (base 13) in base 12?
8
101000 (base 2) to base 6
104
What is 2 (base 3) in base 7?
2
Convert 22 (base 5) to base 11.
11
What is -3 (base 11) in base 8?
-3
Convert 37 (base 11) to base 6.
104
What is 100 (base 15) in base 16?
e1
Convert -233 (base 4) to base 12.
-3b
Convert -23 (base 7) to base 15.
-12
-11 (base 2) to base 7
-3
What is -121 (base 9) in base 11?
-91
Convert 5 (base 14) to base 9.
5
What is 1 (base 16) in base 12?
1
What is -1 (base 12) in base 15?
-1
-2 (base 11) to base 3
-2
10111 (base 2) to base 10
23
26 (base 14) to base 11
31
3 (base 4) to base 2
11
What is 10 (base 2) in base 11?
2
Convert 3 (base 4) to base 7.
3
-10 (base 3) to base 15
-3
11 (base 2) to base 4
3
What is 25 (base 16) in base 6?
101
11 (base 2) to base 11
3
Convert 1 (base 15) to base 6.
1
-201 (base 6) to base 12
-61
100101 (base 2) to base 9
41
Convert -120 (base 10) to base 2.
-1111000
127 (base 9) to base 2
1101010
Convert -102 (base 4) to base 12.
-16
-1 (base 14) to base 9
-1
41 (base 13) to base 8
65
-17 (base 11) to base 3
-200
What is 6 (base 7) in base 5?
11
What is -2 (base 13) in base 2?
-10
What is -23 (base 8) in base 16?
-13
What is 2011 (base 3) in base 13?
46
C